{"id":2,"date":"2013-01-05T22:28:44","date_gmt":"2013-01-05T22:28:44","guid":{"rendered":"http:\/\/www.challenge.tristezza.ch\/?page_id=2"},"modified":"2013-01-28T22:51:57","modified_gmt":"2013-01-28T20:51:57","slug":"beispiel-seite","status":"publish","type":"page","link":"https:\/\/www.challenge.tristezza.ch\/?page_id=2","title":{"rendered":"Warum vegan?"},"content":{"rendered":"<p><iframe loading=\"lazy\" title=\"ST\u00c4RKE - PETA-Spot mit Strongman Patrik Baboumian\" width=\"625\" height=\"352\" src=\"https:\/\/www.youtube.com\/embed\/inlNElIWPNc?feature=oembed\" frameborder=\"0\" allow=\"accelerometer; autoplay; clipboard-write; encrypted-media; gyroscope; picture-in-picture; web-share\" referrerpolicy=\"strict-origin-when-cross-origin\" allowfullscreen><\/iframe><\/p>\n<p><iframe loading=\"lazy\" title=\"WARUM VEGAN?\" width=\"625\" height=\"352\" src=\"https:\/\/www.youtube.com\/embed\/j829eeAflPk?feature=oembed\" frameborder=\"0\" allow=\"accelerometer; autoplay; clipboard-write; encrypted-media; gyroscope; picture-in-picture; web-share\" referrerpolicy=\"strict-origin-when-cross-origin\" allowfullscreen><\/iframe><\/p>\n<p><iframe loading=\"lazy\" title=\"Bewusster Fleischverzicht - Erik_Gottwald Demo-Rede 22.12.12\" width=\"625\" height=\"352\" src=\"https:\/\/www.youtube.com\/embed\/cK7eWdqJTN8?feature=oembed\" frameborder=\"0\" allow=\"accelerometer; autoplay; clipboard-write; encrypted-media; gyroscope; picture-in-picture; web-share\" referrerpolicy=\"strict-origin-when-cross-origin\" allowfullscreen><\/iframe><\/p>\n<p>http:\/\/youtu.be\/9d44U5pvTmU<\/p>\n<p>Diese Texpassagen aus dem Buch Peace Food von R\u00fcdiger Dahlke ersch\u00fcttert mich! Ich muss weinen, es macht mich traurig und w\u00fctend! Ich bin auf jeden Fall nicht mehr Auftraggeber f\u00fcr solche brutale Tiermorde!<\/p>\n<p><iframe loading=\"lazy\" title=\"Manja liest... R\u00fcdiger Dahlke - PEACE FOOD Teil 1\" width=\"625\" height=\"469\" src=\"https:\/\/www.youtube.com\/embed\/tF4WaWXB-TI?feature=oembed\" frameborder=\"0\" allow=\"accelerometer; autoplay; clipboard-write; encrypted-media; gyroscope; picture-in-picture; web-share\" referrerpolicy=\"strict-origin-when-cross-origin\" allowfullscreen><\/iframe><\/p>\n<p><iframe loading=\"lazy\" title=\"Manja liest... R\u00fcdiger Dahlke - PEACE FOOD Teil 2\" width=\"625\" height=\"469\" src=\"https:\/\/www.youtube.com\/embed\/h2MpowXqQ4g?feature=oembed\" frameborder=\"0\" allow=\"accelerometer; autoplay; clipboard-write; encrypted-media; gyroscope; picture-in-picture; web-share\" referrerpolicy=\"strict-origin-when-cross-origin\" allowfullscreen><\/iframe><\/p>\n","protected":false},"excerpt":{"rendered":"<p>http:\/\/youtu.be\/9d44U5pvTmU Diese Texpassagen aus dem Buch Peace Food von R\u00fcdiger Dahlke ersch\u00fcttert mich! Ich muss weinen, es macht mich traurig und w\u00fctend! Ich bin auf jeden Fall nicht mehr Auftraggeber f\u00fcr solche brutale Tiermorde!<\/p>\n","protected":false},"author":1,"featured_media":0,"parent":0,"menu_order":0,"comment_status":"open","ping_status":"open","template":"","meta":{"footnotes":""},"class_list":["post-2","page","type-page","status-publish","hentry"],"_links":{"self":[{"href":"https:\/\/www.challenge.tristezza.ch\/index.php?rest_route=\/wp\/v2\/pages\/2","targetHints":{"allow":["GET"]}}],"collection":[{"href":"https:\/\/www.challenge.tristezza.ch\/index.php?rest_route=\/wp\/v2\/pages"}],"about":[{"href":"https:\/\/www.challenge.tristezza.ch\/index.php?rest_route=\/wp\/v2\/types\/page"}],"author":[{"embeddable":true,"href":"https:\/\/www.challenge.tristezza.ch\/index.php?rest_route=\/wp\/v2\/users\/1"}],"replies":[{"embeddable":true,"href":"https:\/\/www.challenge.tristezza.ch\/index.php?rest_route=%2Fwp%2Fv2%2Fcomments&post=2"}],"version-history":[{"count":7,"href":"https:\/\/www.challenge.tristezza.ch\/index.php?rest_route=\/wp\/v2\/pages\/2\/revisions"}],"predecessor-version":[{"id":13,"href":"https:\/\/www.challenge.tristezza.ch\/index.php?rest_route=\/wp\/v2\/pages\/2\/revisions\/13"}],"wp:attachment":[{"href":"https:\/\/www.challenge.tristezza.ch\/index.php?rest_route=%2Fwp%2Fv2%2Fmedia&parent=2"}],"curies":[{"name":"wp","href":"https:\/\/api.w.org\/{rel}","templated":true}]}}